{"id":2563,"date":"2017-12-28T10:43:10","date_gmt":"2017-12-28T09:43:10","guid":{"rendered":"http:\/\/sweformaeuropa.it\/?post_type=product&#038;p=2563"},"modified":"2021-03-05T16:33:02","modified_gmt":"2021-03-05T15:33:02","slug":"9","status":"publish","type":"product","link":"https:\/\/cercalavoro.net\/?product=9","title":{"rendered":"EIPASS  WEB"},"content":{"rendered":"<div align=\"center\">\n<p><img decoding=\"async\" class=\"aligncenter size-full wp-image-349618 lazyload\" src=\"data:image\/gif;base64,R0lGODlhAQABAIAAAAAAAP\/\/\/yH5BAEAAAAALAAAAAABAAEAAAIBRAA7\" data-src=\"https:\/\/it.eipass.com\/wp-content\/uploads\/2015\/09\/xweb.gif.pagespeed.ic.INhq0I7WRS.webp\" alt=\"immagine personale ata\" width=\"150\" height=\"150\" \/><noscript><img decoding=\"async\" class=\"aligncenter size-full wp-image-349618 lazyload\" src=\"https:\/\/it.eipass.com\/wp-content\/uploads\/2015\/09\/xweb.gif.pagespeed.ic.INhq0I7WRS.webp\" alt=\"immagine personale ata\" width=\"150\" height=\"150\" \/><\/noscript><\/p>\n<h4 class=\"uppercase\"><span class=\"thin-font\">EIPASS<\/span><br \/>\nWEB<\/h4>\n<div class=\"social-icons share-row\"><\/div>\n<\/div>\n<div class=\"tx-div full clearfix\"><\/div>\n<h3>Moduli d\u2019esame<\/h3>\n<div class=\"descrizione\">\n<ul class=\"fa-ul\">\n<li><i class=\"fa-li fa fa-angle-right\"><\/i>Creare un sito con WordPress<\/li>\n<li><i class=\"fa-li fa fa-angle-right\"><\/i>Gestire e sviluppare il sito<\/li>\n<li><i class=\"fa-li fa fa-angle-right\"><\/i>Introduzione al SEO<\/li>\n<li><i class=\"fa-li fa fa-angle-right\"><\/i>Social Network<\/li>\n<li><i class=\"fa-li fa fa-angle-right\"><\/i>Facebook Marketing<\/li>\n<\/ul>\n<\/div>\n<div class=\"ux-header-element header_button\"><a class=\"circle \" title=\"\" href=\"https:\/\/it.eipass.com\/pdf\/programmi\/programma_eipass_web.pdf\" target=\"_self\" rel=\"noopener noreferrer\">SCARICA IL PROGRAMMA ANALITICO<\/a><\/div>\n<div>\n<p>La certificazione\u00a0<strong>EIPASS Web<\/strong>\u00a0attesta il possesso delle competenze necessarie per\u00a0<em>progettare<\/em>,\u00a0<em>sviluppare e gestire<\/em>\u00a0siti internet, tramite\u00a0<em>WordPress<\/em>, il CMS open source a licenza gratuita pi\u00f9 diffuso al mondo. Inoltre, il programma approfondisce le funzioni per gestire l\u2019ottimizzazione nei motori di ricerca, \u00a0le regole per un corretto utilizzo dei Social Network pi\u00f9 diffusi in Italia e le tecniche per fare business con Facebook.<\/p>\n<p>Oggi, un buon sito internet \u00e8, tanto per un libero professionista, quanto per una azienda, il primo e pi\u00f9 importante tra i biglietti da visita. Per questo si rende\u00a0 necessario che le informazioni siano organizzate in maniera organica e \u201ccomunicativa\u201d; diversamente, \u00e8 facile che il Visitatore, piuttosto che indirizzato, sia confuso, distratto o disorientato: in casi del genere, la comunicazione non \u00e8 efficace e lo strumento non raggiunge le sue finalit\u00e0.<\/p>\n<p>Progettare e gestire un sito web non \u00e8 solo un\u2019attivit\u00e0 stimolante e produttiva: se approfondita e ragionata, pu\u00f2 diventare un lavoro, tra i pi\u00f9 moderni ed in evoluzione.<\/p>\n<p>Conseguire la certificazione EIPASS WEB certifica il sicuro possesso di competenze e abilit\u00e0 che arricchiscono materialmente il curriculum vitae.<\/p>\n<hr \/>\n<h3>Perch\u00e9 consigliamo EIPASS WEB anche a Scuola<\/h3>\n<p>La creazione e la promozione di contenuti web sono attivit\u00e0 che possono avere forte significato educativo e pedagogico: scegliere un tema, redigere contenuti, progettare una vetrina, gestirla e promuoverla perseguendo i principi di correttezza, eticit\u00e0 e lealt\u00e0 in rete sono tutte attivit\u00e0 che possono risultare molto utili per la crescita personale degli studenti tra i 16 e i 18 anni. Esperienze di questo tipo hanno gi\u00e0 dato in molte occasioni ottimi risultati e sono sempre pi\u00f9 adottate in Istituti scolastici aperti a nuove metodologie e nuovi approcci didattici.<\/p>\n<p>Uno tra i\u00a0<strong>temi al centro<\/strong>\u00a0della consultazione pubblica\u00a0<em>La buonaScuola<\/em>, promossa dalla Presidenza del Consiglio, \u00e8 infatti l\u2019<strong>alfabetizzazione informatica degli studenti\u00a0<\/strong>di tutte le classi. Per le superiori, si prevedono gi\u00e0 azioni mirate alla formazione degli studenti come \u201c<em>Digital Maker<\/em>\u201d, come operatori, cio\u00e8, che conoscono i rudimenti del\u00a0<em>coding<\/em>\u00a0e sanno come gestire un sito web.<\/p>\n<p>Nella presentazione del documento governativo si legge:<\/p>\n<p><em>\u201cLa scuola ha il dovere di stimolare i ragazzi a capire il digitale oltre la superficie, a non limitarsi ad essere \u201cconsumatori digitali\u201d, a non accontentarsi di utilizzare un sito web, una app, un videogioco, ma a progettarne uno. Ogni studente deve poter essere esposto a esperienze di creativit\u00e0 e acquisisca consapevolezza critica verso il digitale (es. imparare ad utilizzare gli open data per raccontare storie, gestire privacy e sicurezza in rete, utilizzare tecniche di stampa 3D). I docenti devono sentirsi pronti ad utilizzare queste esperienze ed integrarle nelle loro metodologie didattiche.\u201d<\/em><\/p>\n<hr \/>\n<h3>Destinatari<\/h3>\n<p>La certificazione EIPASS Web \u00e8 destinata a tutti i professionisti che gi\u00e0 operano nel settore, occupandosi di elementi collaterali e complementari alla realizzazione del sito web in s\u00e9, per accrescere la propria professionalit\u00e0 ed ampliare le proprie competenze; parliamo di:<\/p>\n<ul class=\"fa-ul\">\n<li><i class=\"fa-li fa fa-angle-right\"><\/i>grafici che si occupano di rendere friendly ed interessante dal punto di vista estetico i contenuti online,<\/li>\n<li><i class=\"fa-li fa fa-angle-right\"><\/i>web designer che si occupano di realizzare la veste grafica di siti web e prodotti multimediali,<\/li>\n<li><i class=\"fa-li fa fa-angle-right\"><\/i>web developer capaci di creare specifici applicativi, utilizzabili all\u2019interno dei siti di Enti ed aziende che hanno specifici bisogni, target o finalit\u00e0 (per esempio, e-commerce),<\/li>\n<li><i class=\"fa-li fa fa-angle-right\"><\/i>transmedia web editor, esperti nella creazione dei contenuti,<\/li>\n<li><i class=\"fa-li fa fa-angle-right\"><\/i>content curator, selezionatori ed aggregatori di fonti e notizie,<\/li>\n<li><i class=\"fa-li fa fa-angle-right\"><\/i>traduttori che si occupano di curare la terminologia e lo stile delle versioni in altre lingue di siti relativi ad Enti o aziende internazionali,<\/li>\n<li><i class=\"fa-li fa fa-angle-right\"><\/i>SEO, impegnati nel dare visibilit\u00e0 al sito.<\/li>\n<\/ul>\n<\/div>\n","protected":false},"excerpt":{"rendered":"<p>EIPASS WEB Moduli d\u2019esame Creare un sito con WordPress Gestire e sviluppare il sito Introduzione al SEO Social Network Facebook Marketing SCARICA IL PROGRAMMA ANALITICO La certificazione\u00a0EIPASS Web\u00a0attesta il possesso delle competenze necessarie per\u00a0progettare,\u00a0sviluppare e gestire\u00a0siti internet, tramite\u00a0WordPress, il CMS open source a licenza gratuita pi\u00f9 diffuso al mondo. Inoltre, il programma approfondisce le funzioni<\/p>\n","protected":false},"featured_media":3136,"comment_status":"closed","ping_status":"closed","template":"","meta":[],"product_brand":[],"product_cat":[41],"product_tag":[],"class_list":{"0":"post-2563","1":"product","2":"type-product","3":"status-publish","4":"has-post-thumbnail","6":"product_cat-certificazioni-eipass","8":"first","9":"instock","10":"sale","11":"taxable","12":"shipping-taxable","13":"purchasable","14":"product-type-simple"},"yoast_head":"<!-- This site is optimized with the Yoast SEO plugin v27.4 - https:\/\/yoast.com\/product\/yoast-seo-wordpress\/ -->\n<title>EIPASS WEB - Lavoro, Sicurezza, Consulenze e Formazione Sicur Work Engineering<\/title>\n<meta name=\"robots\" content=\"index, follow, max-snippet:-1, max-image-preview:large, max-video-preview:-1\" \/>\n<link rel=\"canonical\" href=\"https:\/\/cercalavoro.net\/?product=9\" \/>\n<meta property=\"og:locale\" content=\"it_IT\" \/>\n<meta property=\"og:type\" content=\"article\" \/>\n<meta property=\"og:title\" content=\"EIPASS WEB - Lavoro, Sicurezza, Consulenze e Formazione Sicur Work Engineering\" \/>\n<meta property=\"og:description\" content=\"EIPASS WEB Moduli d\u2019esame Creare un sito con WordPress Gestire e sviluppare il sito Introduzione al SEO Social Network Facebook Marketing SCARICA IL PROGRAMMA ANALITICO La certificazione\u00a0EIPASS Web\u00a0attesta il possesso delle competenze necessarie per\u00a0progettare,\u00a0sviluppare e gestire\u00a0siti internet, tramite\u00a0WordPress, il CMS open source a licenza gratuita pi\u00f9 diffuso al mondo. Inoltre, il programma approfondisce le funzioni\" \/>\n<meta property=\"og:url\" content=\"https:\/\/cercalavoro.net\/?product=9\" \/>\n<meta property=\"og:site_name\" content=\"Lavoro, Sicurezza, Consulenze e Formazione Sicur Work Engineering\" \/>\n<meta property=\"article:modified_time\" content=\"2021-03-05T15:33:02+00:00\" \/>\n<meta property=\"og:image\" content=\"https:\/\/cercalavoro.net\/wp-content\/uploads\/2020\/10\/20180103_175022-150x148-3.jpg\" \/>\n\t<meta property=\"og:image:width\" content=\"150\" \/>\n\t<meta property=\"og:image:height\" content=\"148\" \/>\n\t<meta property=\"og:image:type\" content=\"image\/jpeg\" \/>\n<meta name=\"twitter:card\" content=\"summary_large_image\" \/>\n<meta name=\"twitter:label1\" content=\"Tempo di lettura stimato\" \/>\n\t<meta name=\"twitter:data1\" content=\"3 minuti\" \/>\n<script type=\"application\/ld+json\" class=\"yoast-schema-graph\">{\"@context\":\"https:\\\/\\\/schema.org\",\"@graph\":[{\"@type\":\"WebPage\",\"@id\":\"https:\\\/\\\/cercalavoro.net\\\/?product=9\",\"url\":\"https:\\\/\\\/cercalavoro.net\\\/?product=9\",\"name\":\"EIPASS WEB - Lavoro, Sicurezza, Consulenze e Formazione Sicur Work Engineering\",\"isPartOf\":{\"@id\":\"https:\\\/\\\/cercalavoro.net\\\/#website\"},\"primaryImageOfPage\":{\"@id\":\"https:\\\/\\\/cercalavoro.net\\\/?product=9#primaryimage\"},\"image\":{\"@id\":\"https:\\\/\\\/cercalavoro.net\\\/?product=9#primaryimage\"},\"thumbnailUrl\":\"https:\\\/\\\/cercalavoro.net\\\/wp-content\\\/uploads\\\/2020\\\/10\\\/20180103_175022-150x148-3.jpg\",\"datePublished\":\"2017-12-28T09:43:10+00:00\",\"dateModified\":\"2021-03-05T15:33:02+00:00\",\"breadcrumb\":{\"@id\":\"https:\\\/\\\/cercalavoro.net\\\/?product=9#breadcrumb\"},\"inLanguage\":\"it-IT\",\"potentialAction\":[{\"@type\":\"ReadAction\",\"target\":[\"https:\\\/\\\/cercalavoro.net\\\/?product=9\"]}]},{\"@type\":\"ImageObject\",\"inLanguage\":\"it-IT\",\"@id\":\"https:\\\/\\\/cercalavoro.net\\\/?product=9#primaryimage\",\"url\":\"https:\\\/\\\/cercalavoro.net\\\/wp-content\\\/uploads\\\/2020\\\/10\\\/20180103_175022-150x148-3.jpg\",\"contentUrl\":\"https:\\\/\\\/cercalavoro.net\\\/wp-content\\\/uploads\\\/2020\\\/10\\\/20180103_175022-150x148-3.jpg\",\"width\":150,\"height\":148},{\"@type\":\"BreadcrumbList\",\"@id\":\"https:\\\/\\\/cercalavoro.net\\\/?product=9#breadcrumb\",\"itemListElement\":[{\"@type\":\"ListItem\",\"position\":1,\"name\":\"Home\",\"item\":\"https:\\\/\\\/cercalavoro.net\\\/\"},{\"@type\":\"ListItem\",\"position\":2,\"name\":\"Shop\",\"item\":\"https:\\\/\\\/cercalavoro.net\\\/?page_id=283\"},{\"@type\":\"ListItem\",\"position\":3,\"name\":\"EIPASS WEB\"}]},{\"@type\":\"WebSite\",\"@id\":\"https:\\\/\\\/cercalavoro.net\\\/#website\",\"url\":\"https:\\\/\\\/cercalavoro.net\\\/\",\"name\":\"Lavoro, Sicurezza, Consulenze e Formazione Sicur Work Engineering\",\"description\":\"Sicurezza e Formazione. Garantire il successo in un mondo in continua evoluzione.\",\"potentialAction\":[{\"@type\":\"SearchAction\",\"target\":{\"@type\":\"EntryPoint\",\"urlTemplate\":\"https:\\\/\\\/cercalavoro.net\\\/?s={search_term_string}\"},\"query-input\":{\"@type\":\"PropertyValueSpecification\",\"valueRequired\":true,\"valueName\":\"search_term_string\"}}],\"inLanguage\":\"it-IT\"}]}<\/script>\n<!-- \/ Yoast SEO plugin. -->","yoast_head_json":{"title":"EIPASS WEB - Lavoro, Sicurezza, Consulenze e Formazione Sicur Work Engineering","robots":{"index":"index","follow":"follow","max-snippet":"max-snippet:-1","max-image-preview":"max-image-preview:large","max-video-preview":"max-video-preview:-1"},"canonical":"https:\/\/cercalavoro.net\/?product=9","og_locale":"it_IT","og_type":"article","og_title":"EIPASS WEB - Lavoro, Sicurezza, Consulenze e Formazione Sicur Work Engineering","og_description":"EIPASS WEB Moduli d\u2019esame Creare un sito con WordPress Gestire e sviluppare il sito Introduzione al SEO Social Network Facebook Marketing SCARICA IL PROGRAMMA ANALITICO La certificazione\u00a0EIPASS Web\u00a0attesta il possesso delle competenze necessarie per\u00a0progettare,\u00a0sviluppare e gestire\u00a0siti internet, tramite\u00a0WordPress, il CMS open source a licenza gratuita pi\u00f9 diffuso al mondo. Inoltre, il programma approfondisce le funzioni","og_url":"https:\/\/cercalavoro.net\/?product=9","og_site_name":"Lavoro, Sicurezza, Consulenze e Formazione Sicur Work Engineering","article_modified_time":"2021-03-05T15:33:02+00:00","og_image":[{"width":150,"height":148,"url":"https:\/\/cercalavoro.net\/wp-content\/uploads\/2020\/10\/20180103_175022-150x148-3.jpg","type":"image\/jpeg"}],"twitter_card":"summary_large_image","twitter_misc":{"Tempo di lettura stimato":"3 minuti"},"schema":{"@context":"https:\/\/schema.org","@graph":[{"@type":"WebPage","@id":"https:\/\/cercalavoro.net\/?product=9","url":"https:\/\/cercalavoro.net\/?product=9","name":"EIPASS WEB - Lavoro, Sicurezza, Consulenze e Formazione Sicur Work Engineering","isPartOf":{"@id":"https:\/\/cercalavoro.net\/#website"},"primaryImageOfPage":{"@id":"https:\/\/cercalavoro.net\/?product=9#primaryimage"},"image":{"@id":"https:\/\/cercalavoro.net\/?product=9#primaryimage"},"thumbnailUrl":"https:\/\/cercalavoro.net\/wp-content\/uploads\/2020\/10\/20180103_175022-150x148-3.jpg","datePublished":"2017-12-28T09:43:10+00:00","dateModified":"2021-03-05T15:33:02+00:00","breadcrumb":{"@id":"https:\/\/cercalavoro.net\/?product=9#breadcrumb"},"inLanguage":"it-IT","potentialAction":[{"@type":"ReadAction","target":["https:\/\/cercalavoro.net\/?product=9"]}]},{"@type":"ImageObject","inLanguage":"it-IT","@id":"https:\/\/cercalavoro.net\/?product=9#primaryimage","url":"https:\/\/cercalavoro.net\/wp-content\/uploads\/2020\/10\/20180103_175022-150x148-3.jpg","contentUrl":"https:\/\/cercalavoro.net\/wp-content\/uploads\/2020\/10\/20180103_175022-150x148-3.jpg","width":150,"height":148},{"@type":"BreadcrumbList","@id":"https:\/\/cercalavoro.net\/?product=9#breadcrumb","itemListElement":[{"@type":"ListItem","position":1,"name":"Home","item":"https:\/\/cercalavoro.net\/"},{"@type":"ListItem","position":2,"name":"Shop","item":"https:\/\/cercalavoro.net\/?page_id=283"},{"@type":"ListItem","position":3,"name":"EIPASS WEB"}]},{"@type":"WebSite","@id":"https:\/\/cercalavoro.net\/#website","url":"https:\/\/cercalavoro.net\/","name":"Lavoro, Sicurezza, Consulenze e Formazione Sicur Work Engineering","description":"Sicurezza e Formazione. Garantire il successo in un mondo in continua evoluzione.","potentialAction":[{"@type":"SearchAction","target":{"@type":"EntryPoint","urlTemplate":"https:\/\/cercalavoro.net\/?s={search_term_string}"},"query-input":{"@type":"PropertyValueSpecification","valueRequired":true,"valueName":"search_term_string"}}],"inLanguage":"it-IT"}]}},"jetpack_sharing_enabled":true,"_links":{"self":[{"href":"https:\/\/cercalavoro.net\/index.php?rest_route=\/wp\/v2\/product\/2563","targetHints":{"allow":["GET"]}}],"collection":[{"href":"https:\/\/cercalavoro.net\/index.php?rest_route=\/wp\/v2\/product"}],"about":[{"href":"https:\/\/cercalavoro.net\/index.php?rest_route=\/wp\/v2\/types\/product"}],"replies":[{"embeddable":true,"href":"https:\/\/cercalavoro.net\/index.php?rest_route=%2Fwp%2Fv2%2Fcomments&post=2563"}],"wp:featuredmedia":[{"embeddable":true,"href":"https:\/\/cercalavoro.net\/index.php?rest_route=\/wp\/v2\/media\/3136"}],"wp:attachment":[{"href":"https:\/\/cercalavoro.net\/index.php?rest_route=%2Fwp%2Fv2%2Fmedia&parent=2563"}],"wp:term":[{"taxonomy":"product_brand","embeddable":true,"href":"https:\/\/cercalavoro.net\/index.php?rest_route=%2Fwp%2Fv2%2Fproduct_brand&post=2563"},{"taxonomy":"product_cat","embeddable":true,"href":"https:\/\/cercalavoro.net\/index.php?rest_route=%2Fwp%2Fv2%2Fproduct_cat&post=2563"},{"taxonomy":"product_tag","embeddable":true,"href":"https:\/\/cercalavoro.net\/index.php?rest_route=%2Fwp%2Fv2%2Fproduct_tag&post=2563"}],"curies":[{"name":"wp","href":"https:\/\/api.w.org\/{rel}","templated":true}]}}