{"id":3759,"date":"2021-01-28T15:37:57","date_gmt":"2021-01-28T14:37:57","guid":{"rendered":"http:\/\/cercalavoro.net\/?post_type=product&#038;p=3759"},"modified":"2021-02-05T10:58:24","modified_gmt":"2021-02-05T09:58:24","slug":"eipass-cad-copialuna","status":"publish","type":"product","link":"https:\/\/cercalavoro.net\/?product=eipass-cad-copialuna","title":{"rendered":"EIPASS CAD (Copia)luna"},"content":{"rendered":"<div align=\"center\">\n<p><img decoding=\"async\" class=\"aligncenter size-full wp-image-349618 lazyload\" src=\"data:image\/gif;base64,R0lGODlhAQABAIAAAAAAAP\/\/\/yH5BAEAAAAALAAAAAABAAEAAAIBRAA7\" data-src=\"https:\/\/it.eipass.com\/wp-content\/uploads\/2015\/09\/xcad.gif.pagespeed.ic.Y5IAr4dou6.webp\" alt=\"immagine personale ata\" width=\"150\" height=\"150\" data-pagespeed-url-hash=\"1384549703\" \/><noscript><img decoding=\"async\" class=\"aligncenter size-full wp-image-349618 lazyload\" src=\"https:\/\/it.eipass.com\/wp-content\/uploads\/2015\/09\/xcad.gif.pagespeed.ic.Y5IAr4dou6.webp\" alt=\"immagine personale ata\" width=\"150\" height=\"150\" data-pagespeed-url-hash=\"1384549703\" \/><\/noscript><\/p>\n<h4 class=\"uppercase\"><span class=\"thin-font\">EIPASS<\/span><br \/>\nCAD<\/h4>\n<div class=\"social-icons share-row\"><\/div>\n<\/div>\n<div class=\"tx-div full clearfix\"><strong>\u00a0Moduli d\u2019esame ArchiCAD<\/strong><\/div>\n<div class=\"tx-div small clearfix\">\u00a0<em>Unico modulo che comprende i seguenti argomenti:<\/em><\/div>\n<div class=\"descrizione\">\n<ul class=\"fa-ul\">\n<li><i class=\"fa-li fa fa-angle-right\"><\/i>Impostazione del progetto, strumenti di modellazione e di editazione.<\/li>\n<li><i class=\"fa-li fa fa-angle-right\"><\/i>Oggetti parametrici e gli strumenti di disegno bidimensionali<\/li>\n<li><i class=\"fa-li fa fa-angle-right\"><\/i>Annotazioni e misurazioni con i relativi strumenti<\/li>\n<li><i class=\"fa-li fa fa-angle-right\"><\/i>Viste bidimensionali e tridimensionali<\/li>\n<li><i class=\"fa-li fa fa-angle-right\"><\/i>Rendering e impostazione del layout di stampa<\/li>\n<\/ul>\n<\/div>\n<div class=\"ux-header-element header_button\"><a class=\"circle \" title=\"\" href=\"https:\/\/it.eipass.com\/pdf\/programmi\/programma_EIPASS_ArchiCAD.pdf\" target=\"_self\" rel=\"noopener noreferrer\">SCARICA IL PROGRAMMA ANALITICO<\/a><\/div>\n<div class=\"tx-div full clearfix\"><\/div>\n<h3>Moduli d\u2019esame AutoCAD<\/h3>\n<div class=\"tx-div small clearfix\"><\/div>\n<div class=\"descrizione\">\n<ul class=\"fa-ul\">\n<li><i class=\"fa-li fa fa-angle-right\"><\/i>Disegno 2D, rappresentazioni piane<\/li>\n<li><i class=\"fa-li fa fa-angle-right\"><\/i>Disegno 3D, rappresentazioni nello spazio tridimensionale<\/li>\n<\/ul>\n<\/div>\n<div class=\"ux-header-element header_button\"><a class=\"circle \" title=\"\" href=\"https:\/\/it.eipass.com\/pdf\/programmi\/Programma_EIPASS_cad.pdf\" target=\"_self\" rel=\"noopener noreferrer\">SCARICA IL PROGRAMMA ANALITICO\u00a0\u00a0<\/a><\/div>\n<div><\/div>\n<div>\n<p>La certificazione EIPASS CAD attesta il possesso delle competenze necessarie per utilizzare al meglio i sistemi CAD: favorisce la crescita professionale, incrementa la produttivit\u00e0 e garantisce maggiore credibilit\u00e0 nel mondo del lavoro.<\/p>\n<p><strong>CAD<\/strong>\u00a0sta per\u00a0<strong>Computer-Aided Drafting<\/strong>, cio\u00e8 disegno tecnico (drafting) assistito da Computer, e\u00a0<strong>Computer-Aided Design<\/strong>, cio\u00e8 progettazione (design) assistita da Computer.<\/p>\n<p>Mediante un sistema Cad si possono creare disegni tecnici e modelli sia bidimensionali che tridimensionali. Con la certificazione EIPASS Cad si certifica il possesso delle competenze necessarie per lavorare sia con il 2D che con il 3D.<\/p>\n<p>La certificazione EIPASS CAD ti consente di scegliere tra due programmi, basati rispettivamente su:<\/p>\n<ul class=\"fa-ul\">\n<li><i class=\"fa-li fa fa-angle-right\"><\/i>ArchiCAD<\/li>\n<li><i class=\"fa-li fa fa-angle-right\"><\/i>AutoCAD<\/li>\n<\/ul>\n<hr \/>\n<h3>ArchiCAD<\/h3>\n<p>ArchiCAD \u00e8 uno strumento BIM, acronimo di Building Information Modeling, cio\u00e8 un metodo per l\u2019ottimizzazione della pianificazione, realizzazione e gestione di una costruzione mediante l\u2019uso di tutti i dati rilevanti che di essa, attraverso il modello geometrico tridimensionale, possono essere raccolti, combinati e collegati digitalmente. Il Building Information Modelling pu\u00f2 essere utilizzato quindi sia nella fase di progettazione e costruzione che in quella di gestione (facility management).<br \/>\nIl programma EIPASS CAD relativo ad ArchiCAD si compone di un unico modulo che prevede la realizzazione di un progetto partendo dalle impostazioni, dalla modellazione e dagli oggetti parametrici, per arrivare alle viste bidimensionali (2D) e tridimensionali (3D) del Modello, al rendering, alla stampa, al salvataggio e all\u2019esportazione\/importazione.<\/p>\n<hr \/>\n<h3>AutoCAD<\/h3>\n<p>La certificazione basata su AutoCAD affronta nella prima parte del programma di certificazione il disegno bidimensionale (2D), cio\u00e8 quello che consente di rappresentare un oggetto in piano.<\/p>\n<p>La seconda parte del programma affronta il disegno tridimensionale (3D) cio\u00e8 quello che consente di rappresentare un oggetto in tre dimensioni, realizzare entit\u00e0 geometriche e rappresentare oggetti in modalit\u00e0 tridimensionale.<\/p>\n<hr \/>\n<h3>Destinatari<\/h3>\n<p>La certificazione EIPASS CAD \u00e8 lo strumento pi\u00f9 adatto per professionisti e tecnici che operano in ambiti in cui \u00e8 necessario disegnare tecnicamente (ingegneri, architetti, geometri, periti, ecc.). ed \u00e8 utilizzata da Studenti e Docenti anche di Istituti che non sono \u201ctecnici\u201d, perch\u00e9 viene impiegato per stimolare e allenare l\u2019intelligenza dei discenti, in maniera che diventi sempre pi\u00f9 matematica e logica. Nel contesto scolastico, vale come Crediti Formativi e per l\u2019Alternanza Scuola Lavoro.<\/p>\n<\/div>\n","protected":false},"excerpt":{"rendered":"<p>EIPASS CAD \u00a0Moduli d\u2019esame ArchiCAD \u00a0Unico modulo che comprende i seguenti argomenti: Impostazione del progetto, strumenti di modellazione e di editazione. Oggetti parametrici e gli strumenti di disegno bidimensionali Annotazioni e misurazioni con i relativi strumenti Viste bidimensionali e tridimensionali Rendering e impostazione del layout di stampa SCARICA IL PROGRAMMA ANALITICO Moduli d\u2019esame AutoCAD Disegno<\/p>\n","protected":false},"featured_media":3125,"comment_status":"closed","ping_status":"closed","template":"","meta":[],"product_brand":[],"product_cat":[59],"product_tag":[],"class_list":{"0":"post-3759","1":"product","2":"type-product","3":"status-publish","4":"has-post-thumbnail","6":"product_cat-ranita-eipass","8":"first","9":"instock","10":"taxable","11":"shipping-taxable","12":"product-type-simple"},"yoast_head":"<!-- This site is optimized with the Yoast SEO plugin v27.4 - https:\/\/yoast.com\/product\/yoast-seo-wordpress\/ -->\n<title>EIPASS CAD (Copia)luna - Lavoro, Sicurezza, Consulenze e Formazione Sicur Work Engineering<\/title>\n<meta name=\"robots\" content=\"index, follow, max-snippet:-1, max-image-preview:large, max-video-preview:-1\" \/>\n<link rel=\"canonical\" href=\"https:\/\/cercalavoro.net\/?product=eipass-cad-copialuna\" \/>\n<meta property=\"og:locale\" content=\"it_IT\" \/>\n<meta property=\"og:type\" content=\"article\" \/>\n<meta property=\"og:title\" content=\"EIPASS CAD (Copia)luna - Lavoro, Sicurezza, Consulenze e Formazione Sicur Work Engineering\" \/>\n<meta property=\"og:description\" content=\"EIPASS CAD \u00a0Moduli d\u2019esame ArchiCAD \u00a0Unico modulo che comprende i seguenti argomenti: Impostazione del progetto, strumenti di modellazione e di editazione. Oggetti parametrici e gli strumenti di disegno bidimensionali Annotazioni e misurazioni con i relativi strumenti Viste bidimensionali e tridimensionali Rendering e impostazione del layout di stampa SCARICA IL PROGRAMMA ANALITICO Moduli d\u2019esame AutoCAD Disegno\" \/>\n<meta property=\"og:url\" content=\"https:\/\/cercalavoro.net\/?product=eipass-cad-copialuna\" \/>\n<meta property=\"og:site_name\" content=\"Lavoro, Sicurezza, Consulenze e Formazione Sicur Work Engineering\" \/>\n<meta property=\"article:modified_time\" content=\"2021-02-05T09:58:24+00:00\" \/>\n<meta property=\"og:image\" content=\"https:\/\/cercalavoro.net\/wp-content\/uploads\/2020\/10\/20180103_141626-150x148-3.jpg\" \/>\n\t<meta property=\"og:image:width\" content=\"150\" \/>\n\t<meta property=\"og:image:height\" content=\"148\" \/>\n\t<meta property=\"og:image:type\" content=\"image\/jpeg\" \/>\n<meta name=\"twitter:card\" content=\"summary_large_image\" \/>\n<meta name=\"twitter:label1\" content=\"Tempo di lettura stimato\" \/>\n\t<meta name=\"twitter:data1\" content=\"2 minuti\" \/>\n<script type=\"application\/ld+json\" class=\"yoast-schema-graph\">{\"@context\":\"https:\\\/\\\/schema.org\",\"@graph\":[{\"@type\":\"WebPage\",\"@id\":\"https:\\\/\\\/cercalavoro.net\\\/?product=eipass-cad-copialuna\",\"url\":\"https:\\\/\\\/cercalavoro.net\\\/?product=eipass-cad-copialuna\",\"name\":\"EIPASS CAD (Copia)luna - Lavoro, Sicurezza, Consulenze e Formazione Sicur Work Engineering\",\"isPartOf\":{\"@id\":\"https:\\\/\\\/cercalavoro.net\\\/#website\"},\"primaryImageOfPage\":{\"@id\":\"https:\\\/\\\/cercalavoro.net\\\/?product=eipass-cad-copialuna#primaryimage\"},\"image\":{\"@id\":\"https:\\\/\\\/cercalavoro.net\\\/?product=eipass-cad-copialuna#primaryimage\"},\"thumbnailUrl\":\"https:\\\/\\\/cercalavoro.net\\\/wp-content\\\/uploads\\\/2020\\\/10\\\/20180103_141626-150x148-3.jpg\",\"datePublished\":\"2021-01-28T14:37:57+00:00\",\"dateModified\":\"2021-02-05T09:58:24+00:00\",\"breadcrumb\":{\"@id\":\"https:\\\/\\\/cercalavoro.net\\\/?product=eipass-cad-copialuna#breadcrumb\"},\"inLanguage\":\"it-IT\",\"potentialAction\":[{\"@type\":\"ReadAction\",\"target\":[\"https:\\\/\\\/cercalavoro.net\\\/?product=eipass-cad-copialuna\"]}]},{\"@type\":\"ImageObject\",\"inLanguage\":\"it-IT\",\"@id\":\"https:\\\/\\\/cercalavoro.net\\\/?product=eipass-cad-copialuna#primaryimage\",\"url\":\"https:\\\/\\\/cercalavoro.net\\\/wp-content\\\/uploads\\\/2020\\\/10\\\/20180103_141626-150x148-3.jpg\",\"contentUrl\":\"https:\\\/\\\/cercalavoro.net\\\/wp-content\\\/uploads\\\/2020\\\/10\\\/20180103_141626-150x148-3.jpg\",\"width\":150,\"height\":148},{\"@type\":\"BreadcrumbList\",\"@id\":\"https:\\\/\\\/cercalavoro.net\\\/?product=eipass-cad-copialuna#breadcrumb\",\"itemListElement\":[{\"@type\":\"ListItem\",\"position\":1,\"name\":\"Home\",\"item\":\"https:\\\/\\\/cercalavoro.net\\\/\"},{\"@type\":\"ListItem\",\"position\":2,\"name\":\"Shop\",\"item\":\"https:\\\/\\\/cercalavoro.net\\\/?page_id=283\"},{\"@type\":\"ListItem\",\"position\":3,\"name\":\"EIPASS CAD (Copia)luna\"}]},{\"@type\":\"WebSite\",\"@id\":\"https:\\\/\\\/cercalavoro.net\\\/#website\",\"url\":\"https:\\\/\\\/cercalavoro.net\\\/\",\"name\":\"Lavoro, Sicurezza, Consulenze e Formazione Sicur Work Engineering\",\"description\":\"Sicurezza e Formazione. Garantire il successo in un mondo in continua evoluzione.\",\"potentialAction\":[{\"@type\":\"SearchAction\",\"target\":{\"@type\":\"EntryPoint\",\"urlTemplate\":\"https:\\\/\\\/cercalavoro.net\\\/?s={search_term_string}\"},\"query-input\":{\"@type\":\"PropertyValueSpecification\",\"valueRequired\":true,\"valueName\":\"search_term_string\"}}],\"inLanguage\":\"it-IT\"}]}<\/script>\n<!-- \/ Yoast SEO plugin. -->","yoast_head_json":{"title":"EIPASS CAD (Copia)luna - Lavoro, Sicurezza, Consulenze e Formazione Sicur Work Engineering","robots":{"index":"index","follow":"follow","max-snippet":"max-snippet:-1","max-image-preview":"max-image-preview:large","max-video-preview":"max-video-preview:-1"},"canonical":"https:\/\/cercalavoro.net\/?product=eipass-cad-copialuna","og_locale":"it_IT","og_type":"article","og_title":"EIPASS CAD (Copia)luna - Lavoro, Sicurezza, Consulenze e Formazione Sicur Work Engineering","og_description":"EIPASS CAD \u00a0Moduli d\u2019esame ArchiCAD \u00a0Unico modulo che comprende i seguenti argomenti: Impostazione del progetto, strumenti di modellazione e di editazione. Oggetti parametrici e gli strumenti di disegno bidimensionali Annotazioni e misurazioni con i relativi strumenti Viste bidimensionali e tridimensionali Rendering e impostazione del layout di stampa SCARICA IL PROGRAMMA ANALITICO Moduli d\u2019esame AutoCAD Disegno","og_url":"https:\/\/cercalavoro.net\/?product=eipass-cad-copialuna","og_site_name":"Lavoro, Sicurezza, Consulenze e Formazione Sicur Work Engineering","article_modified_time":"2021-02-05T09:58:24+00:00","og_image":[{"width":150,"height":148,"url":"https:\/\/cercalavoro.net\/wp-content\/uploads\/2020\/10\/20180103_141626-150x148-3.jpg","type":"image\/jpeg"}],"twitter_card":"summary_large_image","twitter_misc":{"Tempo di lettura stimato":"2 minuti"},"schema":{"@context":"https:\/\/schema.org","@graph":[{"@type":"WebPage","@id":"https:\/\/cercalavoro.net\/?product=eipass-cad-copialuna","url":"https:\/\/cercalavoro.net\/?product=eipass-cad-copialuna","name":"EIPASS CAD (Copia)luna - Lavoro, Sicurezza, Consulenze e Formazione Sicur Work Engineering","isPartOf":{"@id":"https:\/\/cercalavoro.net\/#website"},"primaryImageOfPage":{"@id":"https:\/\/cercalavoro.net\/?product=eipass-cad-copialuna#primaryimage"},"image":{"@id":"https:\/\/cercalavoro.net\/?product=eipass-cad-copialuna#primaryimage"},"thumbnailUrl":"https:\/\/cercalavoro.net\/wp-content\/uploads\/2020\/10\/20180103_141626-150x148-3.jpg","datePublished":"2021-01-28T14:37:57+00:00","dateModified":"2021-02-05T09:58:24+00:00","breadcrumb":{"@id":"https:\/\/cercalavoro.net\/?product=eipass-cad-copialuna#breadcrumb"},"inLanguage":"it-IT","potentialAction":[{"@type":"ReadAction","target":["https:\/\/cercalavoro.net\/?product=eipass-cad-copialuna"]}]},{"@type":"ImageObject","inLanguage":"it-IT","@id":"https:\/\/cercalavoro.net\/?product=eipass-cad-copialuna#primaryimage","url":"https:\/\/cercalavoro.net\/wp-content\/uploads\/2020\/10\/20180103_141626-150x148-3.jpg","contentUrl":"https:\/\/cercalavoro.net\/wp-content\/uploads\/2020\/10\/20180103_141626-150x148-3.jpg","width":150,"height":148},{"@type":"BreadcrumbList","@id":"https:\/\/cercalavoro.net\/?product=eipass-cad-copialuna#breadcrumb","itemListElement":[{"@type":"ListItem","position":1,"name":"Home","item":"https:\/\/cercalavoro.net\/"},{"@type":"ListItem","position":2,"name":"Shop","item":"https:\/\/cercalavoro.net\/?page_id=283"},{"@type":"ListItem","position":3,"name":"EIPASS CAD (Copia)luna"}]},{"@type":"WebSite","@id":"https:\/\/cercalavoro.net\/#website","url":"https:\/\/cercalavoro.net\/","name":"Lavoro, Sicurezza, Consulenze e Formazione Sicur Work Engineering","description":"Sicurezza e Formazione. Garantire il successo in un mondo in continua evoluzione.","potentialAction":[{"@type":"SearchAction","target":{"@type":"EntryPoint","urlTemplate":"https:\/\/cercalavoro.net\/?s={search_term_string}"},"query-input":{"@type":"PropertyValueSpecification","valueRequired":true,"valueName":"search_term_string"}}],"inLanguage":"it-IT"}]}},"jetpack_sharing_enabled":true,"_links":{"self":[{"href":"https:\/\/cercalavoro.net\/index.php?rest_route=\/wp\/v2\/product\/3759","targetHints":{"allow":["GET"]}}],"collection":[{"href":"https:\/\/cercalavoro.net\/index.php?rest_route=\/wp\/v2\/product"}],"about":[{"href":"https:\/\/cercalavoro.net\/index.php?rest_route=\/wp\/v2\/types\/product"}],"replies":[{"embeddable":true,"href":"https:\/\/cercalavoro.net\/index.php?rest_route=%2Fwp%2Fv2%2Fcomments&post=3759"}],"wp:featuredmedia":[{"embeddable":true,"href":"https:\/\/cercalavoro.net\/index.php?rest_route=\/wp\/v2\/media\/3125"}],"wp:attachment":[{"href":"https:\/\/cercalavoro.net\/index.php?rest_route=%2Fwp%2Fv2%2Fmedia&parent=3759"}],"wp:term":[{"taxonomy":"product_brand","embeddable":true,"href":"https:\/\/cercalavoro.net\/index.php?rest_route=%2Fwp%2Fv2%2Fproduct_brand&post=3759"},{"taxonomy":"product_cat","embeddable":true,"href":"https:\/\/cercalavoro.net\/index.php?rest_route=%2Fwp%2Fv2%2Fproduct_cat&post=3759"},{"taxonomy":"product_tag","embeddable":true,"href":"https:\/\/cercalavoro.net\/index.php?rest_route=%2Fwp%2Fv2%2Fproduct_tag&post=3759"}],"curies":[{"name":"wp","href":"https:\/\/api.w.org\/{rel}","templated":true}]}}